e highest common divisor of 1424 and 48.
16
What is the highest common divisor of 1344 and 42?
42
Calculate the highest common factor of 15 and 30.
15
Calculate the greatest common divisor of 5 and 135.
5
Calculate the greatest common factor of 1592 and 12.
4
What is the highest common factor of 92 and 1228?
4
Calculate the greatest common divisor of 125 and 115.
5
Calculate the greatest common factor of 100 and 375.
25
What is the highest common divisor of 52 and 884?
52
Calculate the highest common divisor of 351 and 540.
27
Calculate the greatest common divisor of 546 and 70.
14
What is the highest common factor of 36550 and 34?
34
Calculate the greatest common divisor of 3 and 11.
1
Calculate the highest common factor of 34249 and 29.
29
What is the greatest common factor of 5746 and 338?
338
What is the greatest common factor of 38 and 3230?
38
What is the greatest common divisor of 10 and 405?
5
What is the highest common factor of 1644 and 84?
12
What is the greatest common divisor of 223 and 2?
1
What is the greatest common factor of 806 and 124?
62
Calculate the highest common divisor of 120 and 1040.
40
What is the highest common divisor of 11 and 6809?
11
Calculate the greatest common divisor of 400 and 1550.
50
Calculate the highest common divisor of 5328 and 1296.
144
What is the highest common divisor of 187 and 99?
11
What is the greatest common factor of 76 and 95?
19
What is the highest common divisor of 6494 and 51?
17
Calculate the greatest common divisor of 990 and 5400.
90
Calculate the highest common divisor of 2881 and 67.
67
Calculate the highest common divisor of 102 and 1377.
51
Calculate the greatest common divisor of 187 and 11.
11
Calculate the highest common divisor of 12 and 7074.
6
Calculate the highest common divisor of 2277 and 66.
33
What is the greatest common divisor of 185 and 703?
37
What is the greatest common divisor of 6308 and 76?
76
Calculate the greatest common divisor of 60 and 750.
30
What is the greatest common divisor of 327 and 111?
3
What is the highest common factor of 988 and 156?
52
What is the highest common divisor of 66 and 154?
22
Calculate the greatest common factor of 27 and 9.
9
Calculate the highest common factor of 85 and 136.
17
What is the highest common factor of 10 and 1400?
10
Calculate the greatest common divisor of 1488 and 48.
48
Calculate the greatest common factor of 13 and 2587.
13
Calculate the highest common divisor of 22 and 374.
22
What is the highest common divisor of 506 and 46?
46
Calculate the highest common divisor of 284 and 284.
284
Calculate the highest common factor of 748 and 264.
44
What is the greatest common factor of 433 and 7?
1
What is the highest common divisor of 2432 and 76?
76
What is the highest common divisor of 8 and 48?
8
Calculate the greatest common divisor of 588 and 8967.
147
Calculate the highest common divisor of 2480 and 155.
155
Calculate the greatest common factor of 9930 and 30.
30
Calculate the highest common divisor of 162 and 567.
81
What is the highest common factor of 80 and 12080?
80
Calculate the highest common divisor of 235 and 175.
5
What is the highest common factor of 1088 and 320?
64
Calculate the greatest common factor of 1854 and 216.
18
What is the highest common factor of 1529 and 583?
11
What is the greatest common divisor of 11 and 2211?
11
Calculate the highest common divisor of 24 and 48.
24
Calculate the greatest common factor of 984 and 24.
24
Calculate the highest common factor of 247 and 29640.
247
What is the highest common factor of 21854 and 1784?
446
What is the highest common divisor of 24 and 38904?
24
What is the highest common divisor of 4032 and 1764?
252
What is the highest common divisor of 55 and 37455?
55
What is the highest common factor of 16 and 2512?
16
Calculate the greatest common divisor of 132 and 176.
44
What is the greatest common factor of 236 and 24?
4
Calculate the greatest common divisor of 9630 and 9.
9
Calculate the highest common factor of 60 and 3420.
60
Calculate the highest common divisor of 136 and 748.
68
Calculate the highest common divisor of 291 and 485.
97
What is the greatest common factor of 172 and 196?
4
What is the highest common divisor of 3275 and 225?
25
What is the greatest common divisor of 164 and 6642?
82
What is the highest common factor of 34 and 85?
17
Calculate the highest common factor of 91 and 104.
13
Calculate the highest common divisor of 507 and 52.
13
What is the greatest common factor of 3388 and 11?
11
Calculate the highest common factor of 60 and 105.
15
Calculate the greatest common divisor of 17615 and 130.
65
What is the greatest common divisor of 273 and 2769?
39
Calculate the greatest common divisor of 320 and 25120.
160
Calculate the highest common divisor of 32 and 280.
8
Calculate the greatest common factor of 1053 and 104.
13
Calculate the greatest common factor of 11966 and 186.
62
What is the greatest common divisor of 166 and 2?
2
What is the highest common divisor of 58972 and 92?
92
Calculate the highest common divisor of 351 and 18.
9
What is the highest common factor of 186 and 42?
6
What is the greatest common divisor of 58 and 3074?
58
Calculate the highest common factor of 5642 and 56.
14
What is the greatest common factor of 105 and 112?
7
Calculate the highest common factor of 56 and 1400.
56
Calculate the highest common divisor of 142 and 568.
142
Calculate the highest common factor of 9 and 1107.
9
What is the greatest common divisor of 10605 and 70?
35
What is the highest common divisor of 39 and 117?
39
Calculate the highest common factor of 145 and 10.
5
What is the highest common factor of 545 and 45?
5
What is the highest common factor of 588 and 96?
12
What is the highest common factor of 574 and 246?
82
Calculate the highest common divisor of 22 and 506.
22
What is the highest common divisor of 65 and 9139?
13
Calculate the greatest common factor of 6 and 4713.
3
Calculate the greatest common divisor of 100 and 250.
50
Calculate the greatest common divisor of 50 and 310.
10
Calculate the highest common factor of 1141 and 1793.
163
Calculate the greatest common factor of 380 and 2185.
95
What is the highest common divisor of 3159 and 13?
13
Calculate the greatest common factor of 345 and 165.
15
Calculate the greatest common factor of 3586 and 88.
22
What is the highest common divisor of 2500 and 12?
4
What is the highest common factor of 252 and 812?
28
Calculate the greatest common divisor of 26 and 1313.
13
What is the highest common factor of 15424 and 241?
241
Calculate the greatest common factor of 441 and 51.
3
Calculate the highest common factor of 3082 and 230.
46
What is the greatest common factor of 128 and 8992?
32
Calculate the highest common factor of 68 and 289.
17
What is the highest common divisor of 3087 and 126?
63
What is the greatest common factor of 13 and 598?
13
What is the greatest common divisor of 14 and 1064?
14
Calculate the highest common divisor of 72 and 27.
9
What is the highest common divisor of 8480 and 1520?
80
Calculate the highest common factor of 56 and 154.
14
Calculate the highest common divisor of 15151 and 139.
139
What is the highest common divisor of 120 and 1470?
30
What is the greatest common factor of 136 and 85?
17
Calculate the highest common factor of 8 and 3656.
8
Calculate the highest common factor of 48 and 228.
12
Calculate the greatest common factor of 28 and 24.
4
Calculate the highest common divisor of 6 and 1074.
6
What is the greatest common factor of 4104 and 1254?
114
What is the greatest common factor of 48 and 384?
48
Calculate the greatest common divisor of 1 and 1.
1
Calculate the greatest common divisor of 44 and 4994.
22
Calculate the highest common factor of 11 and 2123.
11
What is the greatest common divisor of 4992 and 39?
39
What is the highest common divisor of 40 and 5?
5
Calculate the highest common factor of 99 and 18.
9
What is the greatest common divisor of 1918 and 56?
14
Calculate the greatest common factor of 2160 and 320.
80
What is the greatest common factor of 4608 and 648?
72
What is the greatest common divisor of 1313 and 78?
13
Calculate the greatest common divisor of 55 and 66.
11
What is the highest common factor of 42 and 7